ctors of 60866.
2, 13, 2341
List the prime factors of 200241.
3, 19, 1171
List the prime factors of 188839.
7, 53, 509
What are the prime factors of 1774?
2, 887
What are the prime factors of 44550?
2, 3, 5, 11
List the prime factors of 311057.
53, 5869
What are the prime factors of 1286009?
37, 34757
What are the prime factors of 8022073?
109, 73597
What are the prime factors of 523754?
2, 7, 11, 19, 179
What are the prime factors of 2306012?
2, 199, 2897
What are the prime factors of 726271?
7, 13, 23, 347
List the prime factors of 2535651.
3, 93913
List the prime factors of 3992152.
2, 37, 13487
What are the prime factors of 3484732?
2, 137, 6359
List the prime factors of 297917.
29, 10273
What are the prime factors of 1913141?
53, 36097
List the prime factors of 711767.
7, 101681
What are the prime factors of 39465499?
1523, 25913
List the prime factors of 22149590.
2, 5, 2214959
List the prime factors of 587411.
11, 53401
What are the prime factors of 121162?
2, 29, 2089
What are the prime factors of 128514?
2, 3, 21419
List the prime factors of 537483.
3, 179161
List the prime factors of 270713.
211, 1283
What are the prime factors of 2091530?
2, 5, 7, 29879
List the prime factors of 65011.
65011
What are the prime factors of 210923?
210923
List the prime factors of 4198627.
23, 182549
What are the prime factors of 581300?
2, 5, 5813
What are the prime factors of 1176025?
5, 47041
What are the prime factors of 18192455?
5, 3638491
What are the prime factors of 1399986?
2, 3, 7, 41, 271
What are the prime factors of 2872962?
2, 3, 83, 641
What are the prime factors of 263503?
263503
List the prime factors of 323248.
2, 89, 227
What are the prime factors of 432227?
432227
What are the prime factors of 4117868?
2, 1029467
List the prime factors of 1805575.
5, 72223
List the prime factors of 8973200.
2, 5, 22433
List the prime factors of 7467032.
2, 31, 30109
List the prime factors of 3978952.
2, 17, 1721
What are the prime factors of 323917?
11, 2677
What are the prime factors of 13240589?
13240589
List the prime factors of 40803.
3, 7, 29, 67
What are the prime factors of 954288?
2, 3, 47
List the prime factors of 1782501.
3, 7, 17, 4993
What are the prime factors of 215344?
2, 43, 313
List the prime factors of 3055690.
2, 5, 11, 27779
What are the prime factors of 657836?
2, 29, 53, 107
List the prime factors of 515997.
3, 29, 659
List the prime factors of 20486368.
2, 7, 91457
What are the prime factors of 814005?
3, 5, 18089
List the prime factors of 279293.
7, 17, 2347
What are the prime factors of 20997146?
2, 353, 29741
What are the prime factors of 164899?
7, 23557
What are the prime factors of 354120?
2, 3, 5, 13, 227
What are the prime factors of 703104?
2, 3, 1831
What are the prime factors of 283925?
5, 41, 277
What are the prime factors of 1316184?
2, 3, 173, 317
What are the prime factors of 537036?
2, 3, 44753
List the prime factors of 604419.
3, 201473
What are the prime factors of 957249?
3, 31, 47, 73
List the prime factors of 46977.
3, 7, 2237
What are the prime factors of 204405?
3, 5, 13627
What are the prime factors of 4504471?
1303, 3457
What are the prime factors of 18020119?
13, 17, 67, 1217
What are the prime factors of 3618601?
7, 73849
What are the prime factors of 1782116?
2, 7, 63647
What are the prime factors of 12817?
7, 1831
List the prime factors of 1462656.
2, 3, 13, 293
List the prime factors of 212925.
3, 5, 17, 167
List the prime factors of 142103.
13, 17, 643
List the prime factors of 120109.
11, 61, 179
What are the prime factors of 37037132?
2, 11, 59, 1297
List the prime factors of 12421161.
3, 521, 883
What are the prime factors of 261192?
2, 3, 10883
What are the prime factors of 233413?
41, 5693
List the prime factors of 377263.
377263
What are the prime factors of 26839741?
739, 36319
What are the prime factors of 227569?
227569
What are the prime factors of 1175280?
2, 3, 5, 59, 83
List the prime factors of 22918258.
2, 11, 23, 45293
What are the prime factors of 2358857?
23, 102559
List the prime factors of 761873.
7, 127, 857
What are the prime factors of 5051982?
2, 3, 13, 239, 271
What are the prime factors of 16458?
2, 3, 13, 211
What are the prime factors of 15675896?
2, 1959487
List the prime factors of 7724794.
2, 7, 11, 103, 487
List the prime factors of 10164249.
3, 17, 31, 2143
What are the prime factors of 2269930?
2, 5, 13, 19, 919
What are the prime factors of 2623517?
13, 201809
List the prime factors of 431681.
17, 67, 379
What are the prime factors of 8439659?
8439659
List the prime factors of 19893940.
2, 5, 11, 31, 2917
List the prime factors of 504746.
2, 11, 22943
List the prime factors of 28102594.
2, 13, 191, 5659
List the prime factors of 5150776.
2, 643847
List the prime factors of 3693000.
2, 3, 5, 1231
List the prime factors of 262742.
2, 131371
List the prime factors of 1559061.
3, 7, 73, 113
List the prime factors of 6916201.
827, 8363
What are the prime factors of 38954?
2, 19477
List the prime factors of 121565.
5, 41, 593
What are the prime factors of 48424?
2, 6053
List the prime factors of 6045699.
3, 11, 183203
List the prime factors of 1377622.
2, 331, 2081
List the prime factors of 162892.
2, 193, 211
List the prime factors of 368871.
3, 122957
What are the prime factors of 75186?
2, 3, 4177
List the prime factors of 150727.
19, 7933
What are the prime factors of 193456?
2, 107, 113
What are the prime factors of 1843325?
5, 11, 6703
List the prime factors of 550669.
7, 97, 811
What are the prime factors of 7313068?
2, 7, 139, 1879
What are the prime factors of 13643219?
59, 231241
List the prime factors of 319131.
3, 59, 601
What are the prime factors of 141987?
3, 19, 47, 53
List the prime factors of 1909005.
3, 5, 7, 18181
List the prime factors of 21587464.
2, 107, 25219
What are the prime factors of 1334662?
2, 7, 13619
List the prime factors of 861315.
3, 5, 7, 13, 631
What are the prime factors of 1856543?
13, 142811
What are the prime factors of 125116?
2, 31, 1009
List the prime factors of 1535663.
1535663
List the prime factors of 9065008.
2, 566563
List the prime factors of 317196.
2, 3, 11, 89
List the prime factors of 1104999.
3, 7, 7517
List the prime factors of 4820491.
13, 523, 709
What are the prime factors of 2156799?
3, 107, 6719
List the prime factors of 4601624.
2, 575203
What are the prime factors of 429950?
2, 5, 8599
What are the prime factors of 5457467?
5457467
What are the prime factors of 13207011?
3, 17, 15233
List the prime factors of 10857179.
2029, 5351
List the prime factors of 2557.
2557
What are the prime factors of 1554465?
3, 5, 11, 9421
List the prime factors of 34097781.
3, 173, 65699
What are the prime factors of 273317?
11, 24847
List the prime factors of 4324116.
2, 3, 37, 9739
What are the prime factors of 926871?
3, 11, 28087
List the prime factors of 1344471.
3, 448157
What are the prime factors of 179915?
5, 35983
List the prime factors of 4188704.
2, 13, 10069
List the prime factors of 22064.
2, 7, 197
List the prime factors of 16424181.
3, 608303
What are the prime factors of 269703?
3, 7, 1427
What are the prime factors of 211222?
2, 11, 9601
List the prime factors of 3838122.
2, 3, 213229
List the prime factors of 1235645.
5, 17, 14537
What are the prime factors of 13523261?
131, 103231
What are the prime factors of 790908?
2, 3, 17, 3877
List the prime factors of 918643.
11, 23, 3631
What are the prime factors of 37577344?
2, 7, 17, 2467
List the prime factors of 34531108.
2, 8632777
What are the prime factors of 12624376?
2, 1578047
List the prime factors of 854115.
3, 5, 56941
What are the prime factors of 443884?
2, 7, 83, 191
What are the prime factors of 82533?
3, 11, 41, 61
What are the prime factors of 832502?
2, 11, 79, 479
What are the prime factors of 1608537?
3, 7, 76597
What are the prime factors of 158552?
2, 19819
List the prime factors of 1898528.
2, 79, 751
What are the prime factors of 20154021?
3, 619, 10853
List the prime factors of 2615451.
3, 871817
List the prime factors of 27983.
27983
What are the prime factors of 189760?
2, 5, 593
List the prime factors of 1462649.
313, 4673
List the prime factors of 36547387.
103, 354829
List the prime factors of 10499708.
2, 2624927
List the pr